What is -3a1b (base 12) in base 13?
-3044
2000 (base 11) to base 14
d82
-10101010100 (base 2) to base 3
-1212112
What is -1100 (base 7) in base 9?
-475
Convert -303012 (base 4) to base 9.
-4433
-8938 (base 11) to base 13
-5490
841 (base 9) to base 16
2ad
What is -1486 (base 10) in base 2?
-10111001110
1031322 (base 5) to base 4
10110300
Convert -100111101110000 (base 2) to base 11.
-14308
337 (base 10) to base 16
151
What is 13671 (base 8) in base 16?
17b9
What is 4550 (base 6) in base 13?
648
Convert 34334 (base 5) to base 14.
c85
What is -52 (base 14) in base 6?
-200
Convert 134111 (base 5) to base 10.
5531
Convert 2b36 (base 16) to base 11.
8347
-2255 (base 7) to base 9
-1115
What is 1010000 (base 2) in base 16?
50
151 (base 13) to base 12
177
What is -2032 (base 6) in base 10?
-452
What is 111040 (base 5) in base 12?
2307
-c2 (base 14) to base 8
-252
44f4 (base 16) to base 14
660c
What is -1140 (base 5) in base 7?
-332
-1196 (base 14) to base 15
-d9c
What is -14aa (base 12) in base 15?
-ac4
Convert -71a (base 15) to base 7.
-4444
1011001010111110 (base 2) to base 8
131276
What is 24815 (base 12) in base 5?
3041203
What is 5503 (base 6) in base 16?
4ef
Convert 3c4 (base 16) to base 8.
1704
Convert 1136 (base 10) to base 6.
5132
Convert -3340 (base 13) to base 12.
-417a
Convert -dd (base 16) to base 12.
-165
-10110 (base 4) to base 7
-543
-280 (base 11) to base 9
-406
Convert 873 (base 14) to base 2.
11010000101
Convert adaf (base 16) to base 4.
22312233
-13c56 (base 14) to base 6
-1015112
-22443 (base 5) to base 7
-4506
What is -3764 (base 11) in base 13?
-2309
Convert 240 (base 8) to base 14.
b6
Convert -7527 (base 9) to base 4.
-1112131
What is 246 (base 9) in base 7?
411
What is 257 (base 13) in base 12?
2a2
-224223 (base 5) to base 12
-47bb
Convert 10111020211 (base 3) to base 12.
3391a
-157a4 (base 11) to base 9
-33470
Convert 410043 (base 6) to base 13.
119b5
What is 244324 (base 7) in base 10?
44755
What is -4311 (base 5) in base 10?
-581
Convert 3320 (base 4) to base 7.
503
-13023332 (base 4) to base 10
-29438
What is -2a1 (base 12) in base 16?
-199
What is -6a48 (base 15) in base 9?
-33855
What is 51 (base 11) in base 2?
111000
41412 (base 6) to base 2
1010110110000
What is 7209 (base 12) in base 7?
51063
What is 274 (base 14) in base 12?
352
What is 51305 (base 6) in base 2?
1101010011001
What is -5107 (base 14) in base 2?
-11011001100011
What is -547c (base 14) in base 13?
-6862
262b (base 14) to base 15
1ebd
What is 101000001001000 (base 2) in base 10?
20552
Convert -9c9 (base 13) to base 3.
-2022110
Convert -101010100011 (base 2) to base 5.
-41343
What is -220044 (base 5) in base 2?
-1110101100100
Convert -330001 (base 4) to base 13.
-1996
1644 (base 8) to base 2
1110100100
Convert 4130 (base 5) to base 11.
451
What is 31030 (base 4) in base 12?
5a4
Convert 609 (base 15) to base 4.
111033
Convert 945 (base 11) to base 16.
472
What is -cb57 (base 14) in base 6?
-430441
-1803 (base 11) to base 12
-13ba
Convert 1c7 (base 16) to base 9.
555
What is 4494 (base 10) in base 16?
118e
4352 (base 12) to base 10
7406
Convert -202011020 (base 3) to base 9.
-22136
What is 304 (base 7) in base 9?
177
Convert -766 (base 10) to base 11.
-637
1001101010 (base 2) to base 15
2b3
What is 666 (base 15) in base 12?
a06
Convert 6e0 (base 16) to base 15.
7c5
436 (base 7) to base 8
337
5ed (base 16) to base 7
4265
-19da (base 15) to base 16
-15e5
What is 15510 (base 6) in base 16?
a02
Convert -1513 (base 8) to base 2.
-1101001011
Convert -1486 (base 12) to base 10.
-2406
Convert 104 (base 14) to base 12.
148
What is 12434 (base 5) in base 3?
1100211
Convert 192 (base 14) to base 11.
275
What is -3000131 (base 4) in base 3?
-121220012
What is -bb3 (base 16) in base 10?
-2995
Convert -502c (base 13) to base 9.
-16107
5b7 (base 14) to base 12
7b1
What is 10013 (base 14) in base 13?
14655
Convert 2021122 (base 3) to base 10.
1664
What is -18479 (base 12) in base 4?
-20212131
What is -8098 (base 11) in base 14?
-3cc3
What is 7993 (base 10) in base 3?
101222001
Convert 1269 (base 12) to base 5.
31342
Convert -98a7 (base 12) to base 5.
-1014311
25137 (base 8) to base 5
321342
What is 37c (base 15) in base 10?
792
Convert -1733 (base 13) to base 4.
-311132
What is -1220110112 (base 3) in base 4?
-21022031
111326 (base 7) to base 16
4d06
Convert 3005 (base 7) to base 3.
1102022
Convert 1111111001001001 (base 2) to base 13.
23826
Convert -163 (base 11) to base 8.
-276
13603 (base 7) to base 2
111010001111
Convert -c693 (base 13) to base 4.
-12231222
Convert -7235 (base 13) to base 11.
-10929
Convert 111211 (base 3) to base 15.
19d
414311 (base 5) to base 3
200210122
Convert 2677 (base 8) to base 10.
1471
1387 (base 12) to base 6
14251
222111100 (base 3) to base 9
28440
Convert 11310 (base 4) to base 8.
564
What is -140 (base 8) in base 15?
-66
What is -e1 (base 16) in base 10?
-225
Convert -404c (base 14) to base 4.
-2230210
What is 40605 (base 9) in base 2?
110100001101111
What is 3114 (base 8) in base 5?
22422
-2413221 (base 5) to base 11
-30738
1b0b0 (base 12) to base 9
60626
Convert -31066 (base 8) to base 3.
-122122002
-203423 (base 5) to base 7
-25434
-7447 (base 8) to base 3
-12022200
What is 523 (base 9) in base 3?
120210
-1080 (base 13) to base 11
-1802
-57 (base 8) to base 7
-65
What is 191 (base 10) in base 11?
164
Convert -38 (base 11) to base 6.
-105
Convert -1334 (base 6) to base 3.
-110211
-1315 (base 13) to base 3
-10201211
Convert 16c51 (base 13) to base 7.
241543
30223012 (base 4) to base 11
36001
What is 8c9 (base 16) in base 2?
100011001001
What is a6c8 (base 16) in base 15?
c9b6
What is -164 (base 13) in base 8?
-373
997 (base 11) to base 13
70c
57d (base 14) to base 12
76b
Convert 333332 (base 4) to base 12.
2452
What is -431 (base 13) in base 9?
-875
-14ad3 (base 15) to base 10
-66573
Convert -1334 (base 6) to base 5.
-2341
-151043 (base 6) to base 14
-53d9
What is -10111110011110 (base 2) in base 11?
-9182
-110232 (base 4) to base 5
-20301
Convert -a7 (base 16) to base 13.
-cb
1100 (base 2) to base 13
c
Convert b82 (base 16) to base 7.
11406
Convert -2cd (base 14) to base 8.
-1075
-2556 (base 8) to base 12
-97a
Convert -22b9 (base 12) to base 7.
-14220
-13462 (base 7) to base 2
-111001010110
540 (base 11) to base 14
345
What is 16d25 (base 14) in base 10?
57461
What is -304414 (base 5) in base 8?
-23400
What is 1245 (base 7) in base 9?
576
What is 244431 (base 5) in base 8?
22226
Convert 222224 (base 5) to base 3.
101201102
What is 226 (base 12) in base 2?
100111110
Convert -15732 (base 9) to base 7.
-43331
Convert 2450 (base 8) to base 15.
5d0
116132 (base 7) to base 10
21338
Convert 11201101 (base 3) to base 14.
1379
What is dc4 (base 15) in base 13?
1552
Convert 4425 (base 6) to base 13.
60b
Convert 1010101100011 (base 2) to base 4.
1111203
Convert 324 (base 10) to base 12.
230
Convert e99 (base 16) to base 3.
12010102
Convert 727 (base 10) to base 11.
601
What is -418 (base 15) in base 9?
-1235
What is 111012 (base 3) in base 9?
435
What is -13d2 (base 15) in base 14?
-1795
What is -27e (base 15) in base 3?
-210002
What is 678 (base 12) in base 10?
956
What is -142541 (base 9) in base 6?
-1511401
1200121 (base 3) to base 6
5411
17d3 (base 14) to base 8
10315
Convert 3052 (base 8) to base 16.
62a
Convert 10192 (base 12) to base 5.
1132430
Convert -531 (base 8) to base 4.
-11121
-7538 (base 10) to base 4
-1311302
What is 10010000001110111 (base 2) in base 13?
277c7
What is 186 (base 13) in base 4?
10113
What is 300 (base 5) in base 4?
1023
Convert 2714 (base 9) to base 5.
31123
What is -267 (base 15) in base 14?
-2b1
Convert 11120211 (base 3) to base 6.
23251
23336 (base 7) to base 14
228d
Convert 102111 (base 3) to base 2.
100110110
What is -335 (base 7) in base 8?
-255
Convert -39cc (base 13) to base 12.
-4960
-1035c (base 13) to base 10
-29145
225 (base 11) to base 9
328
Convert 1110010 (base 2) to base 5.
424
What is 460 (base 9) in base 11?
314
What is -1230 (base 7) in base 3?
-122010
Convert -24c (base 14) to base 4.
-13030
What is 1754 (base 16) in base 8?
13524
143 (base 5) to base 2
110000
2848 (base 15) to base 5
233433
What is -4305 (base 8) in base 16?
-8c5
Convert 111586 (base 9) to base 11.
46228
What is -11000111010